{"id":23535,"date":"2025-09-17T20:10:23","date_gmt":"2025-09-17T20:10:23","guid":{"rendered":"https:\/\/loucosporviajar.net\/?page_id=23535"},"modified":"2025-09-25T01:08:49","modified_gmt":"2025-09-25T01:08:49","slug":"europa-2025","status":"publish","type":"page","link":"https:\/\/loucosporviajar.net\/index.php\/europa\/europa-2025\/","title":{"rendered":"Europa 2025"},"content":{"rendered":"<nav data-trigger=\"click\">\n<ul id=\"menu-1-2479166\">\n<li><a aria-haspopup=\"true\" aria-expanded=\"false\" href=\"https:\/\/loucosporviajar.net\/index.php\/europa\/europa-2025\/espanha\/\">ESPANHA<\/a>\n<ul>\n<li><a href=\"https:\/\/loucosporviajar.net\/index.php\/europa\/europa-2025\/espanha\/madri\/\">Madri<\/a><\/li>\n<li><a href=\"https:\/\/loucosporviajar.net\/index.php\/europa\/europa-2025\/espanha\/segovia\/\">Seg\u00f3via<\/a><\/li>\n<li><a href=\"https:\/\/loucosporviajar.net\/index.php\/europa\/europa-2025\/espanha\/avila\/\">\u00c1vila<\/a><\/li>\n<li><a href=\"https:\/\/loucosporviajar.net\/index.php\/europa\/europa-2025\/espanha\/malaga-2\/\">M\u00e1laga<\/a><\/li>\n<li><a href=\"https:\/\/loucosporviajar.net\/index.php\/europa\/europa-2025\/espanha\/setenil-de-las-bodegas\/\">Setenil de Las Bodegas<\/a><\/li>\n<li><a href=\"https:\/\/loucosporviajar.net\/index.php\/europa\/europa-2025\/espanha\/ronda\/\">Ronda<\/a><\/li>\n<li><a href=\"https:\/\/loucosporviajar.net\/index.php\/europa\/europa-2025\/espanha\/saragoca\/\">Sarago\u00e7a<\/a><\/li>\n<\/ul>\n<\/li>\n<li><a aria-haspopup=\"true\" aria-expanded=\"false\" href=\"https:\/\/loucosporviajar.net\/index.php\/europa\/europa-2025\/andorra\/\">ANDORRA<\/a>\n<ul>\n<li><a href=\"https:\/\/loucosporviajar.net\/index.php\/europa\/europa-2025\/andorra\/andorra-a-velha\/\">Andorra-a-Velha<\/a><\/li>\n<\/ul>\n<\/li>\n<li><a aria-haspopup=\"true\" aria-expanded=\"false\" href=\"https:\/\/loucosporviajar.net\/index.php\/europa\/europa-2025\/italia\/\">IT\u00c1LIA<\/a>\n<ul>\n<li><a href=\"https:\/\/loucosporviajar.net\/index.php\/europa\/europa-2025\/italia\/bolonha\/\">Bolonha<\/a><\/li>\n<li><a href=\"https:\/\/loucosporviajar.net\/index.php\/europa\/europa-2025\/italia\/mantova\/\">Mantova<\/a><\/li>\n<li><a href=\"https:\/\/loucosporviajar.net\/index.php\/europa\/europa-2025\/italia\/ancona\/\">Ancona<\/a><\/li>\n<li><a href=\"https:\/\/loucosporviajar.net\/index.php\/europa\/europa-2025\/italia\/bari\/\">Bari<\/a><\/li>\n<li><a href=\"https:\/\/loucosporviajar.net\/index.php\/europa\/europa-2025\/italia\/monopoli\/\">Monopoli<\/a><\/li>\n<li><a href=\"https:\/\/loucosporviajar.net\/index.php\/europa\/europa-2025\/italia\/polignano-a-mare\/\">Polignano a Mare<\/a><\/li>\n<li><a href=\"https:\/\/loucosporviajar.net\/index.php\/europa\/europa-2025\/italia\/alberobello\/\">Alberobello<\/a><\/li>\n<li><a href=\"https:\/\/loucosporviajar.net\/index.php\/europa\/europa-2025\/italia\/lido-de-ostia\/\">Lido di \u00d2stia<\/a><\/li>\n<\/ul>\n<\/li>\n<li><a aria-haspopup=\"true\" aria-expanded=\"false\" href=\"https:\/\/loucosporviajar.net\/index.php\/europa\/europa-2025\/san-marino-3\/\">SAN MARINO<\/a>\n<ul>\n<li><a href=\"https:\/\/loucosporviajar.net\/index.php\/europa\/europa-2025\/san-marino-3\/san-marino\/\">San Marino<\/a><\/li>\n<\/ul>\n<\/li>\n<li><a aria-haspopup=\"true\" aria-expanded=\"false\" href=\"https:\/\/loucosporviajar.net\/index.php\/europa\/europa-2025\/malta\/\">MALTA<\/a>\n<ul>\n<li><a href=\"https:\/\/loucosporviajar.net\/index.php\/europa\/europa-2025\/malta\/valletta\/\">Valletta<\/a><\/li>\n<\/ul>\n<\/li>\n<li><a aria-haspopup=\"true\" aria-expanded=\"false\" href=\"https:\/\/loucosporviajar.net\/index.php\/europa\/europa-2025\/luxemburgo\/\">LUXEMBURGO<\/a>\n<ul>\n<li><a href=\"https:\/\/loucosporviajar.net\/index.php\/europa\/europa-2025\/luxemburgo\/elementor-25540\/\">Luxemburgo<\/a><\/li>\n<\/ul>\n<\/li>\n<li><a aria-haspopup=\"true\" aria-expanded=\"false\" href=\"https:\/\/loucosporviajar.net\/index.php\/europa\/europa-2025\/portugal\/\">PORTUGAL<\/a>\n<ul>\n<li><a href=\"https:\/\/loucosporviajar.net\/index.php\/europa\/europa-2025\/portugal\/guimaraes-2\/\">Guimar\u00e3es<\/a><\/li>\n<li><a href=\"https:\/\/loucosporviajar.net\/index.php\/europa\/europa-2025\/portugal\/braga-2\/\">Braga<\/a><\/li>\n<\/ul>\n<\/li>\n<\/ul>\n<\/nav>\n<nav>\n<ul id=\"mobile-menu-2-2479166\">\n<li><a href=\"https:\/\/loucosporviajar.net\/index.php\/europa\/europa-2025\/espanha\/\">ESPANHA<\/a>\n<ul>\n<li><a href=\"https:\/\/loucosporviajar.net\/index.php\/europa\/europa-2025\/espanha\/madri\/\">Madri<\/a><\/li>\n<li><a href=\"https:\/\/loucosporviajar.net\/index.php\/europa\/europa-2025\/espanha\/segovia\/\">Seg\u00f3via<\/a><\/li>\n<li><a href=\"https:\/\/loucosporviajar.net\/index.php\/europa\/europa-2025\/espanha\/avila\/\">\u00c1vila<\/a><\/li>\n<li><a href=\"https:\/\/loucosporviajar.net\/index.php\/europa\/europa-2025\/espanha\/malaga-2\/\">M\u00e1laga<\/a><\/li>\n<li><a href=\"https:\/\/loucosporviajar.net\/index.php\/europa\/europa-2025\/espanha\/setenil-de-las-bodegas\/\">Setenil de Las Bodegas<\/a><\/li>\n<li><a href=\"https:\/\/loucosporviajar.net\/index.php\/europa\/europa-2025\/espanha\/ronda\/\">Ronda<\/a><\/li>\n<li><a href=\"https:\/\/loucosporviajar.net\/index.php\/europa\/europa-2025\/espanha\/saragoca\/\">Sarago\u00e7a<\/a><\/li>\n<\/ul>\n<\/li>\n<li><a href=\"https:\/\/loucosporviajar.net\/index.php\/europa\/europa-2025\/andorra\/\">ANDORRA<\/a>\n<ul>\n<li><a href=\"https:\/\/loucosporviajar.net\/index.php\/europa\/europa-2025\/andorra\/andorra-a-velha\/\">Andorra-a-Velha<\/a><\/li>\n<\/ul>\n<\/li>\n<li><a href=\"https:\/\/loucosporviajar.net\/index.php\/europa\/europa-2025\/italia\/\">IT\u00c1LIA<\/a>\n<ul>\n<li><a href=\"https:\/\/loucosporviajar.net\/index.php\/europa\/europa-2025\/italia\/bolonha\/\">Bolonha<\/a><\/li>\n<li><a href=\"https:\/\/loucosporviajar.net\/index.php\/europa\/europa-2025\/italia\/mantova\/\">Mantova<\/a><\/li>\n<li><a href=\"https:\/\/loucosporviajar.net\/index.php\/europa\/europa-2025\/italia\/ancona\/\">Ancona<\/a><\/li>\n<li><a href=\"https:\/\/loucosporviajar.net\/index.php\/europa\/europa-2025\/italia\/bari\/\">Bari<\/a><\/li>\n<li><a href=\"https:\/\/loucosporviajar.net\/index.php\/europa\/europa-2025\/italia\/monopoli\/\">Monopoli<\/a><\/li>\n<li><a href=\"https:\/\/loucosporviajar.net\/index.php\/europa\/europa-2025\/italia\/polignano-a-mare\/\">Polignano a Mare<\/a><\/li>\n<li><a href=\"https:\/\/loucosporviajar.net\/index.php\/europa\/europa-2025\/italia\/alberobello\/\">Alberobello<\/a><\/li>\n<li><a href=\"https:\/\/loucosporviajar.net\/index.php\/europa\/europa-2025\/italia\/lido-de-ostia\/\">Lido di \u00d2stia<\/a><\/li>\n<\/ul>\n<\/li>\n<li><a href=\"https:\/\/loucosporviajar.net\/index.php\/europa\/europa-2025\/san-marino-3\/\">SAN MARINO<\/a>\n<ul>\n<li><a href=\"https:\/\/loucosporviajar.net\/index.php\/europa\/europa-2025\/san-marino-3\/san-marino\/\">San Marino<\/a><\/li>\n<\/ul>\n<\/li>\n<li><a href=\"https:\/\/loucosporviajar.net\/index.php\/europa\/europa-2025\/malta\/\">MALTA<\/a>\n<ul>\n<li><a href=\"https:\/\/loucosporviajar.net\/index.php\/europa\/europa-2025\/malta\/valletta\/\">Valletta<\/a><\/li>\n<\/ul>\n<\/li>\n<li><a href=\"https:\/\/loucosporviajar.net\/index.php\/europa\/europa-2025\/luxemburgo\/\">LUXEMBURGO<\/a>\n<ul>\n<li><a href=\"https:\/\/loucosporviajar.net\/index.php\/europa\/europa-2025\/luxemburgo\/elementor-25540\/\">Luxemburgo<\/a><\/li>\n<\/ul>\n<\/li>\n<li><a href=\"https:\/\/loucosporviajar.net\/index.php\/europa\/europa-2025\/portugal\/\">PORTUGAL<\/a>\n<ul>\n<li><a href=\"https:\/\/loucosporviajar.net\/index.php\/europa\/europa-2025\/portugal\/guimaraes-2\/\">Guimar\u00e3es<\/a><\/li>\n<li><a href=\"https:\/\/loucosporviajar.net\/index.php\/europa\/europa-2025\/portugal\/braga-2\/\">Braga<\/a><\/li>\n<\/ul>\n<\/li>\n<\/ul>\n<\/nav>\n","protected":false},"excerpt":{"rendered":"<p>ESPANHA Madri Seg\u00f3via \u00c1vila M\u00e1laga Setenil de Las Bodegas Ronda Sarago\u00e7a ANDORRA Andorra-a-Velha IT\u00c1LIA Bolonha Mantova Ancona Bari Monopoli Polignano a Mare Alberobello Lido di \u00d2stia SAN MARINO San Marino MALTA Valletta LUXEMBURGO Luxemburgo PORTUGAL Guimar\u00e3es Braga ESPANHA Madri Seg\u00f3via \u00c1vila M\u00e1laga Setenil de Las Bodegas Ronda Sarago\u00e7a ANDORRA Andorra-a-Velha IT\u00c1LIA Bolonha Mantova Ancona Bari Monopoli Polignano a Mare Alberobello Lido di \u00d2stia SAN MARINO San Marino MALTA Valletta LUXEMBURGO Luxemburgo PORTUGAL Guimar\u00e3es Braga<\/p>\n","protected":false},"author":1,"featured_media":0,"parent":35,"menu_order":0,"comment_status":"closed","ping_status":"closed","template":"page-templates\/template-pagebuilder-full-width.php","meta":{"neve_meta_sidebar":"","neve_meta_container":"","neve_meta_enable_content_width":"","neve_meta_content_width":0,"neve_meta_title_alignment":"","neve_meta_author_avatar":"","neve_post_elements_order":"","neve_meta_disable_header":"","neve_meta_disable_footer":"","neve_meta_disable_title":"","footnotes":""},"class_list":["post-23535","page","type-page","status-publish","hentry"],"_links":{"self":[{"href":"https:\/\/loucosporviajar.net\/index.php\/wp-json\/wp\/v2\/pages\/23535","targetHints":{"allow":["GET"]}}],"collection":[{"href":"https:\/\/loucosporviajar.net\/index.php\/wp-json\/wp\/v2\/pages"}],"about":[{"href":"https:\/\/loucosporviajar.net\/index.php\/wp-json\/wp\/v2\/types\/page"}],"author":[{"embeddable":true,"href":"https:\/\/loucosporviajar.net\/index.php\/wp-json\/wp\/v2\/users\/1"}],"replies":[{"embeddable":true,"href":"https:\/\/loucosporviajar.net\/index.php\/wp-json\/wp\/v2\/comments?post=23535"}],"version-history":[{"count":7,"href":"https:\/\/loucosporviajar.net\/index.php\/wp-json\/wp\/v2\/pages\/23535\/revisions"}],"predecessor-version":[{"id":25571,"href":"https:\/\/loucosporviajar.net\/index.php\/wp-json\/wp\/v2\/pages\/23535\/revisions\/25571"}],"up":[{"embeddable":true,"href":"https:\/\/loucosporviajar.net\/index.php\/wp-json\/wp\/v2\/pages\/35"}],"wp:attachment":[{"href":"https:\/\/loucosporviajar.net\/index.php\/wp-json\/wp\/v2\/media?parent=23535"}],"curies":[{"name":"wp","href":"https:\/\/api.w.org\/{rel}","templated":true}]}}

<nav data-trigger="click">
<ul id="menu-1-2479166">
<li><a aria-haspopup="true" aria-expanded="false" href="https://loucosporviajar.net/index.php/europa/europa-2025/espanha/">ESPANHA</a>
<ul>
<li><a href="https://loucosporviajar.net/index.php/europa/europa-2025/espanha/madri/">Madri</a></li>
<li><a href="https://loucosporviajar.net/index.php/europa/europa-2025/espanha/segovia/">Segóvia</a></li>
<li><a href="https://loucosporviajar.net/index.php/europa/europa-2025/espanha/avila/">Ávila</a></li>
<li><a href="https://loucosporviajar.net/index.php/europa/europa-2025/espanha/malaga-2/">Málaga</a></li>
<li><a href="https://loucosporviajar.net/index.php/europa/europa-2025/espanha/setenil-de-las-bodegas/">Setenil de Las Bodegas</a></li>
<li><a href="https://loucosporviajar.net/index.php/europa/europa-2025/espanha/ronda/">Ronda</a></li>
<li><a href="https://loucosporviajar.net/index.php/europa/europa-2025/espanha/saragoca/">Saragoça</a></li>
</ul>
</li>
<li><a aria-haspopup="true" aria-expanded="false" href="https://loucosporviajar.net/index.php/europa/europa-2025/andorra/">ANDORRA</a>
<ul>
<li><a href="https://loucosporviajar.net/index.php/europa/europa-2025/andorra/andorra-a-velha/">Andorra-a-Velha</a></li>
</ul>
</li>
<li><a aria-haspopup="true" aria-expanded="false" href="https://loucosporviajar.net/index.php/europa/europa-2025/italia/">ITÁLIA</a>
<ul>
<li><a href="https://loucosporviajar.net/index.php/europa/europa-2025/italia/bolonha/">Bolonha</a></li>
<li><a href="https://loucosporviajar.net/index.php/europa/europa-2025/italia/mantova/">Mantova</a></li>
<li><a href="https://loucosporviajar.net/index.php/europa/europa-2025/italia/ancona/">Ancona</a></li>
<li><a href="https://loucosporviajar.net/index.php/europa/europa-2025/italia/bari/">Bari</a></li>
<li><a href="https://loucosporviajar.net/index.php/europa/europa-2025/italia/monopoli/">Monopoli</a></li>
<li><a href="https://loucosporviajar.net/index.php/europa/europa-2025/italia/polignano-a-mare/">Polignano a Mare</a></li>
<li><a href="https://loucosporviajar.net/index.php/europa/europa-2025/italia/alberobello/">Alberobello</a></li>
<li><a href="https://loucosporviajar.net/index.php/europa/europa-2025/italia/lido-de-ostia/">Lido di Òstia</a></li>
</ul>
</li>
<li><a aria-haspopup="true" aria-expanded="false" href="https://loucosporviajar.net/index.php/europa/europa-2025/san-marino-3/">SAN MARINO</a>
<ul>
<li><a href="https://loucosporviajar.net/index.php/europa/europa-2025/san-marino-3/san-marino/">San Marino</a></li>
</ul>
</li>
<li><a aria-haspopup="true" aria-expanded="false" href="https://loucosporviajar.net/index.php/europa/europa-2025/malta/">MALTA</a>
<ul>
<li><a href="https://loucosporviajar.net/index.php/europa/europa-2025/malta/valletta/">Valletta</a></li>
</ul>
</li>
<li><a aria-haspopup="true" aria-expanded="false" href="https://loucosporviajar.net/index.php/europa/europa-2025/luxemburgo/">LUXEMBURGO</a>
<ul>
<li><a href="https://loucosporviajar.net/index.php/europa/europa-2025/luxemburgo/elementor-25540/">Luxemburgo</a></li>
</ul>
</li>
<li><a aria-haspopup="true" aria-expanded="false" href="https://loucosporviajar.net/index.php/europa/europa-2025/portugal/">PORTUGAL</a>
<ul>
<li><a href="https://loucosporviajar.net/index.php/europa/europa-2025/portugal/guimaraes-2/">Guimarães</a></li>
<li><a href="https://loucosporviajar.net/index.php/europa/europa-2025/portugal/braga-2/">Braga</a></li>
</ul>
</li>
</ul>
</nav>
<nav>
<ul id="mobile-menu-2-2479166">
<li><a href="https://loucosporviajar.net/index.php/europa/europa-2025/espanha/">ESPANHA</a>
<ul>
<li><a href="https://loucosporviajar.net/index.php/europa/europa-2025/espanha/madri/">Madri</a></li>
<li><a href="https://loucosporviajar.net/index.php/europa/europa-2025/espanha/segovia/">Segóvia</a></li>
<li><a href="https://loucosporviajar.net/index.php/europa/europa-2025/espanha/avila/">Ávila</a></li>
<li><a href="https://loucosporviajar.net/index.php/europa/europa-2025/espanha/malaga-2/">Málaga</a></li>
<li><a href="https://loucosporviajar.net/index.php/europa/europa-2025/espanha/setenil-de-las-bodegas/">Setenil de Las Bodegas</a></li>
<li><a href="https://loucosporviajar.net/index.php/europa/europa-2025/espanha/ronda/">Ronda</a></li>
<li><a href="https://loucosporviajar.net/index.php/europa/europa-2025/espanha/saragoca/">Saragoça</a></li>
</ul>
</li>
<li><a href="https://loucosporviajar.net/index.php/europa/europa-2025/andorra/">ANDORRA</a>
<ul>
<li><a href="https://loucosporviajar.net/index.php/europa/europa-2025/andorra/andorra-a-velha/">Andorra-a-Velha</a></li>
</ul>
</li>
<li><a href="https://loucosporviajar.net/index.php/europa/europa-2025/italia/">ITÁLIA</a>
<ul>
<li><a href="https://loucosporviajar.net/index.php/europa/europa-2025/italia/bolonha/">Bolonha</a></li>
<li><a href="https://loucosporviajar.net/index.php/europa/europa-2025/italia/mantova/">Mantova</a></li>
<li><a href="https://loucosporviajar.net/index.php/europa/europa-2025/italia/ancona/">Ancona</a></li>
<li><a href="https://loucosporviajar.net/index.php/europa/europa-2025/italia/bari/">Bari</a></li>
<li><a href="https://loucosporviajar.net/index.php/europa/europa-2025/italia/monopoli/">Monopoli</a></li>
<li><a href="https://loucosporviajar.net/index.php/europa/europa-2025/italia/polignano-a-mare/">Polignano a Mare</a></li>
<li><a href="https://loucosporviajar.net/index.php/europa/europa-2025/italia/alberobello/">Alberobello</a></li>
<li><a href="https://loucosporviajar.net/index.php/europa/europa-2025/italia/lido-de-ostia/">Lido di Òstia</a></li>
</ul>
</li>
<li><a href="https://loucosporviajar.net/index.php/europa/europa-2025/san-marino-3/">SAN MARINO</a>
<ul>
<li><a href="https://loucosporviajar.net/index.php/europa/europa-2025/san-marino-3/san-marino/">San Marino</a></li>
</ul>
</li>
<li><a href="https://loucosporviajar.net/index.php/europa/europa-2025/malta/">MALTA</a>
<ul>
<li><a href="https://loucosporviajar.net/index.php/europa/europa-2025/malta/valletta/">Valletta</a></li>
</ul>
</li>
<li><a href="https://loucosporviajar.net/index.php/europa/europa-2025/luxemburgo/">LUXEMBURGO</a>
<ul>
<li><a href="https://loucosporviajar.net/index.php/europa/europa-2025/luxemburgo/elementor-25540/">Luxemburgo</a></li>
</ul>
</li>
<li><a href="https://loucosporviajar.net/index.php/europa/europa-2025/portugal/">PORTUGAL</a>
<ul>
<li><a href="https://loucosporviajar.net/index.php/europa/europa-2025/portugal/guimaraes-2/">Guimarães</a></li>
<li><a href="https://loucosporviajar.net/index.php/europa/europa-2025/portugal/braga-2/">Braga</a></li>
</ul>
</li>
</ul>
</nav>

<p>ESPANHA Madri Segóvia Ávila Málaga Setenil de Las Bodegas Ronda Saragoça ANDORRA Andorra-a-Velha ITÁLIA Bolonha Mantova Ancona Bari Monopoli Polignano a Mare Alberobello Lido di Òstia SAN MARINO San Marino MALTA Valletta LUXEMBURGO Luxemburgo PORTUGAL Guimarães Braga ESPANHA Madri Segóvia Ávila Málaga Setenil de Las Bodegas Ronda Saragoça ANDORRA Andorra-a-Velha ITÁLIA Bolonha Mantova Ancona Bari Monopoli Polignano a Mare Alberobello Lido di Òstia SAN MARINO San Marino MALTA Valletta LUXEMBURGO Luxemburgo PORTUGAL Guimarães Braga</p>
